0. Is k(3) composite?
False
Let j = 71 + -64. Suppose -j*l - 634 = -9377. Is l a composite number?
False
Let c = 270 - -283. Suppose -10*r + 3*r = -c. Is r a prime number?
True
Suppose -10 = -s - 4*s. Let f be (-1)/(-4)*(-24)/(-6). Is (f - 238)*s/(-6) prime?
True
Let p = -8778 + 37237. Is p a prime number?
False
Is 1167 - (4/(-5))/((-10)/50) composite?
False
Is -4 + 4 + 2924 + 3 prime?
True
Let q(y) = 139*y**3 - 2*y + 2. Let d(w) = -7*w - 13. Let b be d(-2). Is q(b) prime?
True
Suppose 7*m - 4*m + 15 = 0. Let u be 6/(-30) - 1/m. Is 1 + 2*27 + u a prime number?
False
Let g be 4*(-6 + -2 + 6). Is (g + 11)*(1 - 638/(-3)) a composite number?
False
Let h(c) = -68*c**3 + 2*c - 2. Let t be h(2). Let i be (t/1)/(-2) - -2. Is (1/(-1))/((-7)/i) a prime number?
False
Let h(d) = 2*d**2 - 3*d + 2. Let t be (35/2)/(-5)*2. Let q be (-30)/(-105) + (-33)/t. Is h(q) prime?
True
Let h = 27 + -15. Suppose -3*u + u = -h. Is 312/20 + u/(-10) a prime number?
False
Let b = -964 + 2307. Is b a composite number?
True
Suppose k + 4*c - 5169 - 3022 = 0, 5*k - 40845 = 2*c. Is k composite?
False
Let n be (8 + 1)/(9/12) + 3. Is 2986/10 + (-1)/n*-6 composite?
True
Let v = -8 - -16. Let p be (-1)/2 - (-532)/v. Is (p/(-8))/(6/(-56)) a prime number?
False
Let g = 13299 - 8730. Is g composite?
True
Suppose 19*h = 20*h + 41. Let q be (-4 - -7)/((-1)/h). Suppose -5*f = -13 + 3, -c - 2*f = -q. Is c composite?
True
Let t(h) = -5*h**3 - 3*h**2 - h - 19. Suppose 4*m = -0*i + i - 22, 2 = -i. Is t(m) composite?
True
Let k = -40 - -128. Suppose -o = -999 + k. Is o a prime number?
True
Suppose s - 3 = 2. Suppose 20 = s*j, -f + 0*f - 3*j + 685 = 0. Is f composite?
False
Suppose 3*p + 53550 + 6583 = 5*s, p - 60149 = -5*s. Is s a composite number?
True
Suppose 0 = -3*z - 2*z + 360. Let j = -50 + z. Is j a composite number?
True
Let n(w) = 632*w**2 - 9*w - 9. Is n(-2) composite?
True
Let j(v) = -3968*v - 3. Let a be j(-1). Let g = 6122 - a. Is g composite?
True
Let a = -47184 + 79946. Is a prime?
False
Let g(n) = 3*n + 4*n + 38*n - 26. Is g(9) a prime number?
True
Let a(o) = 1465*o**2 + 12*o + 24. Is a(-3) prime?
False
Let n(r) = 10*r**3 - r**2 + 2*r - 1. Let l be n(1). Suppose -3*b - 2*w = 2*w - l, 5 = b + 3*w. Is ((-22)/2)/(b/(-6)) a composite number?
True
Suppose -5 = -2*z + 3. Suppose 5*d + 4458 = -8*i + 6*i, -2*i = 8. Is (d/20)/((-2)/z) prime?
True
Suppose 106*p - 104*p - 24949 = -3*g, 0 = -2*p - 5*g + 24951. Is p prime?
True
Let q(o) be the second derivative of o + 1/2*o**2 + 5/6*o**3 - 1/20*o**5 + 5/12*o**4 + 0. Is q(5) prime?
False
Suppose -4*d = 3*o + 14, -4*o + 0*d - 5*d - 17 = 0. Suppose -5*y + 6275 = 5*t, 0*y - t - 2510 = -o*y. Is y a composite number?
True
Let c = 33 + -22. Suppose 3*j - c = -2. Is (-6)/(-18) - (-317)/j a composite number?
True
Let o = -3403 - -7976. Is o prime?
False
Suppose 685 = 4*l - 0*s - 5*s, -678 = -4*l - 2*s. Let m = 319 - l. Is m composite?
False
Suppose -i - 5*l = -52, -5*i = -2*l - 101 - 105. Is 5160/i + 3/21 prime?
False
Suppose -52952 = -47*t + 39*t. Is t a prime number?
True
Suppose 27 = -5*x - 68. Let j be -1*x/(-1)*-2. Suppose -m = -0*m - j. Is m composite?
True
Let g(v) = 1221*v**2 + 2*v - 2. Let m be g(1). Let b = 1854 - m. Is b a prime number?
False
Let u(g) = g**2 - 3*g + 5. Let j be u(2). Suppose j*v - v = 10. Suppose v*t - 752 = 273. Is t a composite number?
True
Suppose -1380 = -2*b - 2*l, -3*b - l + 1618 = -446. Suppose 1085 + b = 4*p. Is p composite?
False
Suppose 0 = -3*f + 4*q - 7*q - 9, -2*f = 5*q - 9. Is (-4978)/f - (-51)/68 composite?
True
Suppose -2*o - 56 = 4*h, -5*h + 3*h = -3*o - 60. Let f be (-4)/o + 21900/66. Is (-3)/2*f/(-3) a composite number?
True
Suppose 7*l - 35 = 2*l + 4*k, -4 = 2*l + 2*k. Is 38/57 - (-157)/l prime?
True
Suppose 5*h - 2*h + 15 = -5*p, 0 = -4*p + 5*h - 12. Let g(v) = -465*v + 8. Is g(p) a composite number?
True
Let a = 21 + -5. Let d(g) = g**2 - 16*g + 18. Let m be d(a). Is 10/(-45) + 3658/m a prime number?
False
Let l(a) = a - 3. Let i be l(9). Let f(r) = -6*r - 3*r - i*r + 6*r - 5. Is f(-18) a prime number?
True
Suppose 2*h = 3*x - x + 30, 5*x - 45 = -3*h. Suppose -h*d = -11*d - 4244. Is d composite?
False
Suppose 280*r - 271*r = 231183. Is r a prime number?
False
Suppose 66 = -3*d + 3*v, -2*v - 7 = -3. Is ((-2802)/d)/(4/16) prime?
True
Suppose n = 4*t + 476 + 334, -5*n = t - 4071. Let m be -2 + (-1 + -23)*(-29)/116. Suppose 0 = 3*q + f - 794, -m*f = -3*q - 9*f + n. Is q prime?
True
Let z(f) = 117*f**2 + f - 1. Let s = -6 + 2. Let d be z(s). Let t = -1068 + d. Is t a prime number?
False
Let h(g) = g**2 + 2*g - 42. Let x be h(6). Suppose 0 = 2*f - 4*r - 7098, -x*f + 2*r = -4*f - 7096. Is f composite?
False
Let c(p) = -140*p - 58. Let t(b) = 47*b + 19. Let j(y) = 4*c(y) + 11*t(y). Is j(-10) a prime number?
False
Suppose 4*q - 115067 = -q + 4*p, 23008 = q + p. Is q a prime number?
True
Let w be (99/4)/(2*(-3)/(-48)). Let m = 355 - w. Is m composite?
False
Let t = 57 + 872. Is t composite?
False
Let h(t) = 17*t**2 + 93*t + 29. Is h(36) a prime number?
True
Let b = 104 - 101. Suppose 6*a - 2019 = b*a. Is a a composite number?
False
Suppose -5*v - 39 = -2*v. Let t(f) = f**3 + 14*f**2 + 13*f + 11. Is t(v) composite?
False
Suppose 179*u + 491 = 180*u. Is u composite?
False
Let q = 16 + 3631. Is q composite?
True
Let n = 4501 - 3140. Is n a composite number?
False
Let y = 153 + -77. Suppose -5*k + y - 982 = -a, 5*a = k + 4602. Is a prime?
False
Let r = 180 - 97. Let t = -39 - r. Let q = 269 - t. Is q composite?
True
Suppose -5*t + 5*i = -40, -5*t + 11 = i + 1. Suppose -2*z + 12 = g - t*g, 4*g - 4 = -3*z. Suppose z*k - 58 = 3*k. Is k prime?
False
Suppose 4*d + 662 + 1260 = 2*q, 1918 = 2*q - 5*d. Let o be (q - (1 - -1)) + -2. Suppose 3*c + 5*u - o = -2*c, 2*c = u + 380. Is c a prime number?
True
Suppose -30*r = -26*r - 36. Is ((-48)/(-54))/4 + 1465/r a prime number?
True
Let l(h) = -37*h + 4. Let m be l(1). Let k = m - -411. Suppose -5*f + 4*u + k = 0, f = u + 106 - 30. Is f prime?
False
Suppose -5*q + 29 = -26. Is 1936/6 + q/33 a composite number?
True
Let s = 1 - -6. Suppose n - s = -q, 2*n = 2*q - q + 14. Suppose 5*v + 3*w = 275, 3 = -2*w - n. Is v a composite number?
True
Let a(o) = -7*o + 15*o - 7 + 18*o. Is a(13) a prime number?
True
Is 14969/(3 - -2 - 4) prime?
True
Suppose 3*f = 4*f + 5*u + 290, -5*u = -3*f - 970. Let g = f - -703. Let d = -137 + g. Is d a composite number?
False
Let n(s) = 45 + 43 - 84 - 5*s + 12*s**2. Let o be n(-6). Suppose 2*z = -0*z + o. Is z a composite number?
False
Let x(l) = 8*l + 21. Let k be x(12). Is (-4)/26 + 191547/k a composite number?
False
Let f = -1 + 3. Let y(w) = -2*w**3 + 18*w. Let v be y(3). Suppose f*j + v*k - 234 = -4*k, 0 = -j + k + 114. Is j a composite number?
True
Suppose -t + 3*t + 10237 = j, 2*t = -5*j + 51137. Suppose 0*r = 4*r + 3*o - 10225, 4*r = o + j. Is r a composite number?
False
Suppose 5866 = 7*s - 2*s - h, -3*h = -2*s + 2336. Suppose 0 = -3*u + 2*n - 1739, -u + 5*n = u + s. Let q = u + 996. Is q a composite number?
False
Suppose -4*d = -15*d + 594. Is d/27*(-127)/(-2) composite?
False
Let u(b) = 162*b**2 - 11*b - 2. Is u(3) prime?
True
Let t = 25 + -38. Let u(p) = -p + 1. Is u(t) prime?
False
Suppose -d = 5*g + 51211, 4*g + 40970 = -d - d. Let r = 6792 + g. Is (-2)/3 + r/(-18) a prime number?
True
Is -10*15/(-600) + 11371/4 a prime number?
True
Let b be -2 - -4 - (1 + 2). Let c be (b/(-1))/((-4)/(-308)). Suppose 3*d = 2*d + c. Is d a composite number?
True
Let d = 2967 - 934. Is d prime?
False
Let g(h) be the second derivative of -7*h + 0*h**2 + 0 - 29/6*h**3. Is g(-5) a composite number?
True
Let a = 2998 + 2033. Suppose -a = -20*y + 11*y. Is y a composite number?
True
Suppose 2*c - 2*z = 1830, 2*c - 4*z = 1485 + 337. Is c composite?
False
Let w = -9 - -15. Let c(n) = 2*n + 2. Let d be c(w). Is (d/4)/(3/834) prime?
False
Let d(a) = -a + 25. Let y be 5/15 + (-2)/6. Let x be d(y). Is 10/x - (-946)/10 a prime number?
False
Suppose -2*f = 12*f - 445858. Is f composite?
False
Suppose -804 = -b - k + 280, 0 = -4*b + 2*k + 4354. Is b prime?
True
Let h(g) = -g**3 - 9*g**2 - 5. Let o be h(-9). Let a = 6 + o. Is 115 - (a - 2) - 1 a prime number?
False
Let n(s) be the first derivative of 2*s**3/3 + 29*s**2/2 - 8*s + 31. Is n(7) a prime number?
True
Let w =